(0) is divided by 37?
32
Suppose 3 = t + 1. Suppose 0 = -3*y + 5*r + 90, -r = t*y - 6*y + 103. What is the remainder when y is divided by (-9)/(18/(-20)) + 3?
12
Suppose 2*y + 2*y = k + 25, 2*y = -3*k + 23. Let o = 5 - 8. Let r = 23 + o. Calculate the remainder when r is divided by y.
6
Let s = -27 + 41. What is the remainder when 2*4*1*5 is divided by s?
12
Suppose -3*j = g - 0*g - 13, -3*j = 15. What is the remainder when g is divided by 10?
8
Let u = 13 + -9. What is the remainder when (u/(-4))/((-2)/102) is divided by 13?
12
Let h(m) = m**3 + 14*m**2 - 2*m - 7. What is the remainder when 41 is divided by h(-14)?
20
Suppose -2*c = 2*c + 28. Let t be c + 9/3 + 0. Let b(i) = i**3 + 5*i**2 + 2*i + 1. Calculate the remainder when 16 is divided by b(t).
7
Suppose -3*g - 656 = g. Calculate the remainder when g/(-14) + 12/42 is divided by (-20)/6*9/(-6).
2
Suppose 4*o - 4*a = 88, 0 = 4*o - 3*o + 5*a + 2. Suppose 0 = -3*k - 0*k + o. Calculate the remainder when 11 is divided by k.
5
Suppose -5*o + 42 = -2*o. What is the remainder when 81 is divided by o?
11
Let z be 0 - 2 - (-44 - -3). Suppose -3*l + 12 = 4*q + 103, 5*l + 5 = 0. Let p = z + q. Calculate the remainder when p is divided by 9.
8
Suppose 23*h - 132 = 949. Calculate the remainder when h is divided by 10.
7
Suppose -105 = -5*f + w - 6*w, 0 = -4*f + 2*w + 72. Suppose -3*v = -a - 161, -6 - 53 = -v - 5*a. Calculate the remainder when v is divided by f.
16
Let m = 233 + -375. Let x be m/8 + (-5)/20. Let k = x + 38. What is the remainder when k is divided by 7?
6
Let v(b) = 4*b - 6. Suppose 0 = g - 5. Calculate the remainder when v(5) is divided by g.
4
Let v = 36 - 29. Calculate the remainder when 20 is divided by v.
6
Suppose -2*q = -7*q + 25. Suppose -30 = q*n - 110. What is the remainder when ((-124)/8)/((-1)/2) is divided by n?
15
Let s = 21 + -9. Suppose 3*n + s = 3*u, 5*u = u + 5*n + 20. Suppose -j - 2*d = 2*j - 50, u = 3*j + 3*d - 54. Calculate the remainder when 26 is divided by j.
12
Let a be 2*2 + -2 + -1. Let g(u) = -u. Calculate the remainder when g(-2) is divided by 2 - (0 - a/(-1)).
0
Let q = 13 + -3. Suppose -2*x + q + 152 = 0. What is the remainder when x is divided by 21?
18
Suppose -5*n + 13 = 2*i, -i - 5*n - 63 = -3*i. Calculate the remainder when 36 is divided by i.
17
Suppose 150 = 2*y + 3*y. Calculate the remainder when y is divided by (-2 + 0)*2*-4.
14
Let t(l) = 5*l**2 - 4*l + 3. Suppose -2*n = -0 - 4. Suppose 13 = v + 5. What is the remainder when t(n) is divided by v?
7
Suppose 0*j + 10 = 5*j. What is the remainder when 4 is divided by j?
0
Let h(l) = -9*l + 10. Let k(i) = 5*i - 5. Let r(s) = 3*h(s) + 5*k(s). What is the remainder when 20 is divided by r(-3)?
9
Suppose -2*h = -h - 13. Suppose -2*k + k = -h. Calculate the remainder when 37 is divided by k.
11
Suppose -16 = -3*l + l - 2*c, 4*l - 67 = 3*c. Calculate the remainder when 35 is divided by l.
9
Suppose 7*l = 3*l - 5*d + 184, -2*l = 3*d - 92. What is the remainder when l is divided by 19?
8
Suppose 5 + 11 = 4*w. Calculate the remainder when 5 is divided by w.
1
Suppose -y - 2*y = -141. Let j = -89 + 157. Suppose 3*f + 20 - j = 0. What is the remainder when y is divided by f?
15
Suppose 0 = -8*m + 3*m + 2*n - 17, -m + 7 = -3*n. What is the remainder when (26/(-5))/(1/m) is divided by 14?
12
Let c be (4/(-6))/((-1)/3). Suppose 5*i - 256 = n, -c*n + 6*n = 16. What is the remainder when i is divided by 18?
16
Let y(m) = -m**2 - 11*m - 12. Let l be y(-9). Suppose -24 = 3*z - 0*z + 3*a, 4*a + 4 = 3*z. Let v = l + z. What is the remainder when v is divided by 2?
0
What is the remainder when 77 is divided by (-4)/22 + (-233)/(-11)?
14
Let a = 84 + -48. Calculate the remainder when 211 is divided by a.
31
Suppose -a + 12 = 5*y, 4*y - 4 = -y + 3*a. Calculate the remainder when 3 is divided by (3*y/6)/1.
0
Let v(w) = -w + 2. Let q be v(2). Suppose q = 2*h - 7 + 1. What is the remainder when (-1 + 26)/(-2 + h) is divided by 13?
12
Suppose 5*l = 9*l - 248. Suppose -4*a = -5*j + 60, -5*a - 25 = 4*j - 114. What is the remainder when l is divided by j?
14
Suppose -4*u + 18 = -34. Suppose 0*s + 50 = s. What is the remainder when s is divided by u?
11
Suppose -7*d = -597 - 852. Calculate the remainder when d is divided by 52.
51
Let v be -3 - 1 - 0/(-3). Suppose 30 + 10 = 2*n + 4*i, -3*i = -12. What is the remainder when (-2)/v + 86/4 is divided by n?
10
Let b(n) = n + 5. Let h be b(-6). Suppose 174 = 3*q + 63. Calculate the remainder when q is divided by (16 + -3)*(-1)/h.
11
Let l(h) = h + 6. Let v be l(5). Suppose -u = -5*z + 3*z + v, 3*z + 4*u = -11. What is the remainder when 17 is divided by z/(-2)*(-6 - 0)?
8
Suppose -4 = -2*h + x + 13, 0 = -2*h - x + 7. Calculate the remainder when ((-9)/(-6))/((-18)/(-120)) is divided by h.
4
Suppose 17 = w - 5*b, -b = -w + 2*b + 11. Suppose -33 = -w*i - i. Calculate the remainder when 43 is divided by i.
10
Suppose -11*t = -9*t - 354. Calculate the remainder when t is divided by 20.
17
Let r(m) = 4*m + 7. What is the remainder when r(4) is divided by (-58)/(-5) - 4/(-10)?
11
Let u(o) = -9*o**2 - 74*o**2 + 12*o**2 - 2 - o. Let p be u(-2). What is the remainder when (-4)/10 - p/10 is divided by 15?
13
Suppose -10 = -y + 51. Suppose -c + 109 = 5*k, 57 = 5*k + 2*c - 56. What is the remainder when y is divided by k?
19
What is the remainder when (-9)/(-30)*-2*-25 is divided by 6?
3
Suppose -7 - 19 = -2*v. Calculate the remainder when 23 is divided by v.
10
Suppose 5*h = 378 - 33. Suppose 0 = -o - 2*o + h. Calculate the remainder when 68 is divided by o.
22
Suppose -15 = y - 37. Calculate the remainder when 82 is divided by y.
16
Suppose 0 = 3*o + o - 44. What is the remainder when 43 is divided by o?
10
Let v(a) be the first derivative of a**3/3 + 5*a**2/2 - 8*a + 3. Calculate the remainder when 46 is divided by v(-8).
14
Let v = 196 - 166. Calculate the remainder when v is divided by 12.
6
Suppose 0*v + 540 = -15*v. Let f = 56 - -32. Let t = v + f. Calculate the remainder when t is divided by 18.
16
Suppose -5 = -4*q + 51. What is the remainder when q is divided by (-69)/(-15) + 3 - (-4)/10?
6
Let l(d) = d - 7. Let b(t) = t + 2. Let m be b(10). Let f be l(m). Let k = f + 8. Calculate the remainder when 38 is divided by k.
12
Let j(s) = -s**3 + 7*s**2 + 4*s - 8. Let x be j(7). Suppose 4*u - y = -0*y + 45, 4*y + x = 0. Calculate the remainder when u is divided by 3.
1
Suppose 4*b - 336 = 4*u, -b + 59 = 5*u - u. Calculate the remainder when b is divided by 10.
9
Suppose -2*y - 81 + 325 = 0. What is the remainder when y is divided by 25?
22
Let l = 236 - 115. Calculate the remainder when l is divided by 31.
28
What is the remainder when 38 is divided by 1 + 2 - 0 - -10?
12
Suppose -25 - 21 = -2*j. Calculate the remainder when j is divided by 9.
5
Suppose -4*c + 44 = 2*f - 168, -f = -4*c + 224. Calculate the remainder when c is divided by 19.
17
Suppose -2*w - 14 = -2*c, -5*w + 6 - 46 = -4*c. Calculate the remainder when 39/12 + 2/(-8) is divided by w/(-5) + (-6)/15.
1
Let s(g) = g**2 + 9*g - 2. Let m(o) = -8*o + 2. Let d(p) = 3*m(p) + 2*s(p). Suppose -h + 1 + 4 = 0. What is the remainder when 64 is divided by d(h)?
20
Suppose 0*r - r + 8 = 0. Suppose -1 = -3*f + b - 3*b, 8 = 4*f - 4*b. Suppose 2*h - 7 + f = 0. Calculate the remainder when r is divided by h.
2
Suppose -i - 5*v + 0*v - 1 = 0, 16 = 3*i - 4*v. Suppose 0*s + i*s - 64 = -4*t, -s + 2*t + 10 = 0. What is the remainder when 27 is divided by s?
13
Let r(p) = -p + 1. Let z be r(-5). Let n = -13 - 13. What is the remainder when 36 is divided by n*(-2 + z/4)?
10
Suppose -5*c + 13 = 3. Suppose 4*z - c*z - 34 = 0. What is the remainder when z is divided by 9?
8
Suppose k - 18 = 3. What is the remainder when k is divided by 12?
9
Let p = -96 + 135. Suppose 2*v - p = -s - 0*s, 0 = s + v - 36. What is the remainder when 129 is divided by s?
30
Let r(d) = -4*d - 2. What is the remainder when r(-9) is divided by (-4)/6 + (-114)/(-9)?
10
Let r be -3*((-4)/(-6))/(-2). Let t be (1 - 3) + 4 + r. Suppose -4*a + 27 = t. Calculate the remainder when 11 is divided by a.
5
Let g(a) be the first derivative of -a**2 + 6*a + 5. Calculate the remainder when g(-11) is divided by 10.
8
Suppose -9 = -4*x + c + 4*c, -2*x - 3*c = 23. Let a = x + 4. Suppose 